 of 350?
False
Does 77 divide 1582581?
True
Is 341 a factor of 259120?
False
Is 26 a factor of 837356?
True
Is 7457660 a multiple of 140?
True
Is 425492 a multiple of 95?
False
Does 82 divide 181009?
False
Does 32 divide 921632?
True
Is 422524 a multiple of 114?
False
Is 45 a factor of 646425?
True
Is 234961 a multiple of 22?
False
Does 385 divide 509171?
False
Is 43 a factor of 1348718?
False
Does 11 divide 3540482?
True
Is 1247911 a multiple of 600?
False
Is 514306 a multiple of 95?
False
Is 28 a factor of 13851974?
False
Is 19974 a multiple of 2?
True
Is 175606 a multiple of 443?
False
Is 2773787 a multiple of 3?
False
Does 11 divide 444400?
True
Is 25 a factor of 9269197?
False
Is 2981779 a multiple of 1258?
False
Does 30 divide 5469870?
True
Is 166 a factor of 2621914?
False
Does 633 divide 582360?
True
Is 238 a factor of 228480?
True
Is 881954 a multiple of 18?
False
Is 16890 a multiple of 28?
False
Is 105786 a multiple of 217?
False
Is 96924 a multiple of 38?
False
Is 392950 a multiple of 201?
False
Does 31 divide 452383?
True
Is 47 a factor of 128477?
False
Is 6534022 a multiple of 20?
False
Does 307 divide 2803217?
True
Is 818 a factor of 50510?
False
Does 10 divide 33070?
True
Is 984753 a multiple of 203?
True
Is 222101 a multiple of 22?
False
Is 2721892 a multiple of 10?
False
Is 16375783 a multiple of 12?
False
Is 686501 a multiple of 193?
True
Is 378324 a multiple of 226?
True
Is 155 a factor of 60699?
False
Is 411 a factor of 218652?
True
Is 537047 a multiple of 20?
False
Is 30 a factor of 98631?
False
Is 33290040 a multiple of 120?
True
Is 97620 a multiple of 6?
True
Is 4000493 a multiple of 22?
False
Does 17 divide 290786?
False
Is 599696 a multiple of 19?
False
Is 3 a factor of 655238?
False
Is 7 a factor of 99550?
False
Is 126 a factor of 46506?
False
Is 544 a factor of 734400?
True
Does 386 divide 544646?
True
Is 197335 a multiple of 4?
False
Is 17 a factor of 6522894?
False
Is 16 a factor of 1439360?
True
Is 1609 a factor of 5765434?
False
Is 156 a factor of 1067664?
True
Is 116 a factor of 1323908?
True
Is 7 a factor of 4824113?
True
Does 328 divide 79909?
False
Does 5 divide 71551?
False
Is 18186056 a multiple of 56?
True
Is 446 a factor of 6677244?
False
Is 269730 a multiple of 15?
True
Is 58282 a multiple of 4?
False
Does 171 divide 746023?
False
Is 965032 a multiple of 10?
False
Is 14556591 a multiple of 86?
False
Does 20 divide 18477?
False
Is 3 a factor of 10209?
True
Is 1017993 a multiple of 15?
False
Does 86 divide 1038622?
True
Does 75 divide 239775?
True
Does 43 divide 867799?
False
Does 1240 divide 3859978?
False
Is 318 a factor of 3707781?
False
Is 348 a factor of 79692?
True
Is 338198 a multiple of 17?
True
Does 13 divide 151815?
False
Is 6 a factor of 119052?
True
Is 42 a factor of 981606?
False
Is 196911 a multiple of 71?
False
Is 127 a factor of 643534?
False
Is 178 a factor of 36490?
True
Does 2 divide 516929?
False
Does 17 divide 12386?
False
Is 26181345 a multiple of 417?
True
Is 482 a factor of 8546407?
False
Is 539 a factor of 2621201?
False
Is 78008 a multiple of 5?
False
Does 107 divide 14338?
True
Does 102 divide 823548?
True
Is 367270 a multiple of 506?
False
Does 13 divide 4227743?
True
Is 338 a factor of 1877857?
False
Does 35 divide 28870?
False
Is 7 a factor of 7175?
True
Does 108 divide 11434714?
False
Is 809286 a multiple of 57?
True
Does 78 divide 20698?
False
Does 8 divide 589384?
True
Does 25 divide 12637?
False
Is 43 a factor of 273719?
False
Is 156 a factor of 7055412?
True
Does 53 divide 986363?
False
Is 1168454 a multiple of 78?
False
Does 64 divide 6041262?
False
Is 1666403 a multiple of 8?
False
Does 17 divide 1322583?
True
Does 162 divide 21133062?
True
Does 32 divide 493443?
False
Does 8 divide 951766?
False
Is 19787832 a multiple of 2565?
False
Does 179 divide 104357?
True
Is 268 a factor of 99696?
True
Is 64380 a multiple of 148?
True
Is 538020 a multiple of 63?
True
Does 225 divide 151650?
True
Is 896152 a multiple of 80?
False
Does 71 divide 412216?
False
Does 3 divide 5613?
True
Does 46 divide 629280?
True
Is 157670 a multiple of 222?
False
Does 2281 divide 1689192?
False
Is 18 a factor of 119136?
False
Does 1064 divide 7071344?
True
Is 98 a factor of 154152?
False
Is 212 a factor of 329024?
True
Is 92 a factor of 231232?
False
Does 7 divide 57491?
True
Is 1273854 a multiple of 15?
False
Is 515 a factor of 1097568?
False
Is 120 a factor of 10542960?
True
Does 37 divide 33901?
False
Does 14 divide 48118?
True
Is 597884 a multiple of 120?
False
Does 10 divide 44620?
True
Is 140422 a multiple of 4?
False
Does 17 divide 24446?
True
Is 396090 a multiple of 21?
False
Is 1306 a factor of 533946?
False
Does 419 divide 261310?
False
Is 566 a factor of 114332?
True
Is 6533100 a multiple of 1785?
True
Is 5157797 a multiple of 92?
False
Does 3 divide 73860?
True
Does 31 divide 148788?
False
Is 22324878 a multiple of 6?
True
Is 1158 a factor of 31759308?
True
Is 27 a factor of 3197637?
True
Is 761592 a multiple of 5?
False
Does 16 divide 485077?
False
Is 145 a factor of 115710?
True
Does 933 divide 25066911?
True
Is 33 a factor of 76032?
True
Is 665904 a multiple of 4?
True
Is 630381 a multiple of 409?
False
Is 109 a factor of 1228975?
True
Does 252 divide 605052?
True
Is 40 a factor of 258458?
False
Does 26 divide 60999?
False
Is 1120764 a multiple of 177?
True
Is 291599 a multiple of 98?
False
Is 82 a factor of 98808?
False
Is 2552 a factor of 23671437?
False
Is 495232 a multiple of 109?
False
Is 32 a factor of 41060?
False
Does 14 divide 43148?
True
Does 316 divide 302728?
True
Is 9405 a multiple of 373?
False
Is 94 a factor of 77550?
True
Is 2088616 a multiple of 405?
False
Does 67 divide 2412?
True
Is 131872 a multiple of 104?
True
Is 229050 a multiple of 450?
True
Does 56 divide 3809742?
False
Is 287000 a multiple of 14?
True
Is 3046248 a multiple of 24?
True
Is 35 a factor of 414643?
False
Does 77 divide 616256?
False
Is 10 a factor of 2398890?
True
Does 639 divide 2371329?
True
Is 90 a factor of 514170?
True
Is 221 a factor of 11043402?
False
Does 441 divide 956776?
False
Is 1379924 a multiple of 91?
True
Is 2653440 a multiple of 960?
True
Is 55192 a multiple of 40?
False
Is 27 a factor of 361314?
True
Is 184345 a multiple of 319?
False
Is 205077 a multiple of 66?
False
Is 8 a factor of 677256?
True
Does 20 divide 700298?
False
Is 1986615 a multiple of 251?
False
Is 419 a factor of 1057348?
False
Does 207 divide 82608?
False
Is 12 a factor of 382181?
False
Is 51792 a multiple of 39?
True
Does 85 divide 6938787?
False
Is 121 a factor of 41140?
True
Is 67075 a multiple of 5?
True
Does 144 divide 877086?
False
Is 147 a factor of 5607903?
True
Is 3121764 a multiple of 267?
True
Does 44 divide 42968?
False
Is 71 a factor of 987397?
True
Does 3 divide 24323?
False
Does 166 divide 336814?
True
Is 7148 a multiple of 4?
True
Is 235 a factor of 6164926?
False
Is 749140 a multiple of 35?
True
Is 262188 a multiple of 30?
False
Is 8 a factor of 1152829?
False
Is 18593 a multiple of 12?
False
Does 39 divide 495144?
True
Is 20 a factor of 557402?
False
Is 895086 a multiple of 86?
False
Is 12696 a multiple of 3?
True
Is 16 a factor of 6709838?
False
Does 137 divide 191526?
True
Does 44 divide 256728?
False
Does 19 divide 4992459?
True
Is 1008 a multiple of 9?
True
Is 28 a factor of 43568?
True
Is 2583685 a multiple of 418?
False
Is 38502 even?
True
Does 54 divide 1352646?
True
Does 55 divide 93321?
False
Is 283 a factor of 274793?
True
Does 135 divide 1296267?
False
Is 66 a factor of 18546?
True
Is 49 a factor of 623983?
False
Does 20 divide 113109?
False
Does 54 divide 1435338?
False
Is 97373 a multiple of 3?
False
Does 120 divide 650520?
True
Is 143 a factor of 8368217?
True
Is 6233088 a multiple of 84?
False
Is 1586624 a multiple of 410?
False
Does 113 divide 81812?
True
Does 22 divide 2883161?
False
Is 2583252 a multiple of 28?
True
Does 37 divide 3472413?
True
Is 107 a factor of 8441979?
True
Does 35 divide 86955?
False
Is 3092886 a multiple of 3?
True
Does 17 divide 2914885?
False
Is 1300466 a multiple of 23?
True
Is 285032 a multiple of 25?
False
Does 999 divide 3607389?
True
Does 215 divide 240155?
True
Is 8 a factor of 53315?
False
Is 76 a factor of 5025500?
True
Is 16 a factor of 23